1a?
-67
In base 8, what is 41 + 1?
42
In base 14, what is 9 + 606?
611
In base 16, what is 0 - -8e?
8e
In base 16, what is 63 - a?
59
In base 16, what is c56 + -4?
c52
In base 4, what is -21 - 11201?
-11222
In base 14, what is 375 + 0?
375
In base 15, what is -180 - -2?
-17d
In base 15, what is -17 - -191?
179
In base 13, what is -329a - 2?
-329c
In base 7, what is 3 + 20?
23
In base 11, what is -a9 + 6?
-a3
In base 3, what is -12 - -10?
-2
In base 5, what is -40 - -431?
341
In base 8, what is -3765 - -2?
-3763
In base 13, what is 1 + -3c1?
-3c0
In base 8, what is -43 + 614?
551
In base 12, what is -8 - 3?
-b
In base 12, what is -5 - -41?
38
In base 9, what is 1 - 208?
-207
In base 13, what is -1c - 2?
-21
In base 2, what is -100 + 1000101?
1000001
In base 3, what is -200 - -21?
-102
In base 10, what is -4 - 114?
-118
In base 16, what is -3 - 23?
-26
In base 16, what is -22 + c4?
a2
In base 6, what is 10221 - 3?
10214
In base 8, what is -5 - 56?
-63
In base 15, what is 1ed1 + 0?
1ed1
In base 16, what is -9 - 10?
-19
In base 3, what is -202 - 221?
-1200
In base 2, what is -100101 - 100011011?
-101000000
In base 8, what is 327 - -7?
336
In base 15, what is -1ac + 2?
-1aa
In base 8, what is -235 + -33?
-270
In base 14, what is -2 - 2da?
-2dc
In base 15, what is 155e - 1?
155d
In base 3, what is 12 + 1011?
1100
In base 15, what is 0 + -cd?
-cd
In base 7, what is 1312 + -6?
1303
In base 4, what is 111 + -3?
102
In base 16, what is 9e - -4?
a2
In base 5, what is 103 - -4?
112
In base 14, what is -779 + 3?
-776
In base 11, what is -2 - -8?
6
In base 16, what is -5 - -21?
1c
In base 16, what is -24 - 6?
-2a
In base 5, what is 12 + -4?
3
In base 12, what is -260 - 1?
-261
In base 8, what is -11415 + 3?
-11412
In base 16, what is -27 + -23c?
-263
In base 4, what is 11 - -130?
201
In base 5, what is -41400 - 4?
-41404
In base 16, what is 1b - -c?
27
In base 7, what is 2 + -25?
-23
In base 8, what is 3 + -4751?
-4746
In base 5, what is -2104 - 203?
-2312
In base 4, what is -10 + -120221?
-120231
In base 16, what is 5dd + -4?
5d9
In base 6, what is -33550 - -2?
-33544
In base 10, what is -3 - -10?
7
In base 10, what is 0 - -8?
8
In base 4, what is -10 + -2311?
-2321
In base 13, what is 0 - -139?
139
In base 7, what is 5545 + -5?
5540
In base 6, what is -3 - -140?
133
In base 5, what is 2 + -12044?
-12042
In base 11, what is 31a - 4?
316
In base 9, what is -5015 - -4?
-5011
In base 4, what is -20 + -1010?
-1030
In base 5, what is 21343 - 10?
21333
In base 14, what is -58 - 0?
-58
In base 12, what is -387 - 4?
-38b
In base 16, what is -15 - -4?
-11
In base 5, what is 10 - -2130?
2140
In base 14, what is -4 + 785?
781
In base 9, what is 41 - 161?
-120
In base 16, what is 4 + f3?
f7
In base 9, what is 28 + -10?
18
In base 16, what is e - -39b?
3a9
In base 8, what is 7 - -104?
113
In base 3, what is -12 + -101100?
-101112
In base 16, what is -31 + 15?
-1c
In base 5, what is 1 + 3143?
3144
In base 11, what is 11 + 15?
26
In base 9, what is 87 + -8?
78
In base 9, what is -21 + -10?
-31
In base 10, what is 19 - -6?
25
In base 6, what is -310 - 0?
-310
In base 10, what is -4 - -49?
45
In base 4, what is 23 - -102?
131
In base 3, what is 11 + 10211?
10222
In base 12, what is -14 + b3?
9b
In base 12, what is -5 - ba1?
-ba6
In base 2, what is 101 - -1011100000?
1011100101
In base 6, what is -104 - 23?
-131
In base 12, what is 3a - 5?
35
In base 8, what is 143 - -2?
145
In base 6, what is 10 - 53?
-43
In base 10, what is -12 - 22?
-34
In base 9, what is 25 - -177?
213
In base 5, what is -2 + -41?
-43
In base 8, what is -1 - 754?
-755
In base 7, what is -1 - -244?
243
In base 4, what is -11 + 10303?
10232
In base 6, what is -5314 - -14?
-5300
In base 13, what is a - 3a?
-30
In base 14, what is c0aa - -3?
c0ad
In base 5, what is 1 - 23?
-22
In base 2, what is -10000 + 1111100?
1101100
In base 3, what is 1210222 - 10?
1210212
In base 7, what is -1 - -52?
51
In base 4, what is 210 - -10133?
11003
In base 12, what is 19 - -81?
9a
In base 12, what is -21b - 31?
-250
In base 15, what is -70 + a?
-65
In base 10, what is -4 + -119?
-123
In base 8, what is 3 + 3131?
3134
In base 2, what is 101 + -111000110?
-111000001
In base 16, what is 6e + 18?
86
In base 3, what is 0 + -200?
-200
In base 12, what is 85 + -4?
81
In base 10, what is 3 - -95?
98
In base 5, what is 33 + 10241?
10324
In base 2, what is 1 - 10?
-1
In base 13, what is 488 - -11?
499
In base 6, what is -2540 - 3?
-2543
In base 14, what is -26 - d?
-35
In base 16, what is -e1 - d?
-ee
In base 10, what is 11 - 33?
-22
In base 5, what is 4 + 230142?
230201
In base 9, what is 46 - -6?
53
In base 10, what is 4 - 190?
-186
In base 14, what is -1469 - 3?
-146c
In base 7, what is 0 + 244?
244
In base 13, what is 4 - -28?
2c
In base 13, what is -2 + 5?
3
In base 4, what is -2 - -221210?
221202
In base 12, what is -1a - 2?
-20
In base 11, what is -a19 + -4?
-a22
In base 4, what is -20202 + 10?
-20132
In base 14, what is 4 + -1a3?
-19d
In base 16, what is -5 - -58?
53
In base 14, what is 1 + 90?
91
In base 5, what is 2324 + -4?
2320
In base 7, what is 4 - -115?
122
In base 7, what is 40 - 0?
40
In base 4, what is -232323 - 2?
-232331
In base 15, what is -142 + 1?
-141
In base 2, what is 1001100011 + 0?
1001100011
In base 12, what is 48 - -3b?
87
In base 13, what is -5a - 3?
-60
In base 7, what is 454 + -5?
446
In base 12, what is -3 - -66b?
668
In base 2, what is -110101101 + 111?
-110100110
In base 5, what is -3 + -133?
-141
In base 16, what is -2 - 30?
-32
In base 11, what is -281 + 4?
-278
In base 5, what is 12303 - -13?
12321
In base 5, what is 123 - -102?
230
In base 3, what is 22210 + 11?
22221
In base 12, what is -110 + 35?
-97
In base 9, what is -1 + 60?
58
In base 3, what is 1 + -221?
-220
In base 3, what is 212 + -102?
110
In base 16, what is 62 + 4?
66
In base 5, what is -30 + 222?
142
In base 8, what is -3 - -250?
245
In base 7, what is 3 + -53?
-50
In base 5, what is 32 + 12?
44
In base 11, what is -243 + 2?
-241
In base 2, what is -11001 - 101?
-11110
In base 15, what is e - -1a?
29
In base 10, what is 670 - -7?
677
In base 2, what is -1101111101 - -10?
-1101111011
In base 4, what is 32 + -2020?
-1322
In base 3, what is 21222102 - -11?
21222120
In base 2, what is 1111 - -10?
10001
In base 16, what is b + -18?
-d
In base 7, what is 21 - 116?
-65
In base 9, what is 4314 + -5?
4308
In base 9, what is 8 - 433?
-424
In base 7, what is -4 - -1065?
1061
In base 15, what is -4 + -2?
-6
In base 5, what is -4302 - 4?
-4311
In base 10, what is 2 - -2638?
2640
In base 10, what is -2 - -108?
106
In base 16, what is 1 - 4b?
-4a
In base 3, what is -122 + 20?
-102
In base 13, what is -1 + -3b98?
-3b99
In base 14, what is -33 - c3?
-116
In base 10, what is 5 - -158?
163
In base 13, what is -374 + 5?
-36c
In base 10, what is 5 + -48?
-43
In base 8, what is -255 - -6?
-247
In base 5, what is 0 - -2?
2
In base 15, what is -98a + 2?
-988
In base 6, what is -4 + -255?
-303
In base 7, what is -15 + -1222?
-1240
In base 6, what is 1 - -234?
235
In base 2, what is 100100110 + -101?
100100001
In base 9, what is 0 - 827?
-827
In base 3, what is 1222 + -100?
1122
In base 7, what is -4 - 416?
-423
In base 14, what is -40 - -7?
-37
In base 9, what is -3 + 2330?
2326
In base 4, what is 3 - -1230?
1233
In base 5, what is 10 + 121?
131
In base 10, what is 1 + 620?
621
In base 14, what is 104 + -a?
d8
In base 14, what is -5 + 175?
170
In base 11, what is -5 - 109?
-113
In base 3, what is 1112 + 21?
1210
In base 12, what is 2 - 992?
-990
In base 10, what is 33 - -302?
335
In base 2, what is 1100 + 100111?
110011
In base 7, what is -3622 - 3?
-3625
In base 8, what is -113 + 2?
-111
In base 10, what is -28 - -38?
10
In base 9, what is 41 + -28?
12
In base 11, what is -1 - -54?
53
In base 7, what is -11 - 2?
-13
In base 3, what is -2120 - -11?
-2102
In base 8, what is 43 - 7?
34
In base 13, what is -24 - 83?
-a7
In base 11, what is -3 - -113?
110
In base 7, what is 135 - 3?
132
In base 5, what is -332 + -204?
-1041
In base 4, what is 1 + 201?
202
In base 5, what is 24222 - 0?
24222
In base 11, what is -1 + -1a?
-20
In base 4, what is 101 - 12?
23
In base 8, what is 160 + -13?
145
In base 8, what is -52 - -237?
165
In base 9, what is -103 + -208?
